t o = f - 2. Suppose -5*m + 11 = -4*h, -h = h - m + 1. Calculate the highest common divisor of h and o.
1
Suppose -8 = -6*i - 20. Let r be (i/6)/((-13)/195). Suppose t - 4*t + 19 = 4*b, -15 = r*t. What is the highest common divisor of 49 and b?
7
Let g = 13 - 1. Let q be 332/g + (-2)/3. Suppose 4*r + w - 4*w = 6, w - 2 = 0. Calculate the greatest common factor of r and q.
3
Suppose 3*l + 45 = f + f, -4*f - 53 = 5*l. Suppose 2*v = -4*n - 6 - 26, 38 = -2*v - 2*n. Let m = l - v. What is the greatest common divisor of 90 and m?
9
Let t(c) = -3*c - 18. Let b be t(-7). Suppose 78 = a - 5*q + 23, 2*a + b*q = 84. What is the highest common divisor of a and 30?
15
Let n(l) = -l. Let d be n(-3). Let b(t) = t**3 + t**2 + t - 3. Let k be b(d). Calculate the highest common divisor of k and 27.
9
Suppose 362 = 5*v - 2*n, -2*v - 2*n = 68 - 210. What is the greatest common factor of 9 and v?
9
Let w = -46 + 29. Let v = w + 23. Suppose -171 = -9*r + v*r. What is the greatest common factor of r and 19?
19
Let d(c) = 1 + 16 + 4*c + 1 + 12. Let y be d(-6). What is the greatest common factor of 24 and y?
6
Let m = -85 + 131. Suppose -3*f - 5 = -6*l + 2*l, -5 = -f. Suppose 2*y + m = 2*w - 78, l*w - 280 = -y. What is the greatest common factor of 38 and w?
19
Let t(u) = -u**3 + 8*u**2 - 5*u + 8. Let q = 79 + -72. Let o be t(q). What is the highest common factor of 33 and o?
11
Let y = -1726 - -1793. What is the highest common divisor of y and 2747?
67
Let x = 10 + -6. Let q be 120/21*98/28. What is the highest common factor of q and x?
4
Let g = 243 + -228. Let a = 128 + 37. Calculate the greatest common factor of g and a.
15
Let j(z) = -z**3 - 9*z**2 + 3*z - 28. Let d be j(-10). Let r(f) = -67*f - 7. Let h be r(-7). What is the highest common factor of d and h?
42
Suppose 47*x = 9*x + 35948. Calculate the greatest common factor of 44 and x.
22
Let m be (4 + 22/(-6))*48/4. Suppose 4*j - 8*j = m*b - 892, 5*j + 25 = 0. What is the highest common divisor of 57 and b?
57
Suppose 4*k - 40 = 3*k. Let v = -2 + k. Calculate the highest common factor of 19 and v.
19
Let i = -326 + 550. What is the greatest common factor of i and 252?
28
Let f = 2223 - 1893. Calculate the highest common divisor of f and 30.
30
Let f = 50 - -15. Suppose 1 = c + 3. Let m be -1 + 2 + c + 27. What is the highest common divisor of m and f?
13
Let l(x) = x**3 - 9*x**2 - 7*x - 10. Suppose w - 6*w = -50. Let y be l(w). Calculate the highest common divisor of 220 and y.
20
Let y be (-7)/(441/18)*(-2 - 537). What is the highest common divisor of 322 and y?
14
Let w = 17 + -15. Let v(p) = -2*p**w + 0*p + 2*p**3 + 0*p**3 - p. Let z be v(2). What is the greatest common factor of 6 and z?
6
Suppose -25*h + 1052 = -198. Let j = 63 - 43. What is the greatest common divisor of j and h?
10
Suppose -v - 3*u + 7 = v, 0 = -u - 1. Suppose -3*w + 39 = 3*j, -2*w = w - 4*j - 39. Suppose -3 = v*m - w. Calculate the highest common factor of m and 2.
2
Let f = 12 + 1. Suppose -c = -f + 1. Let a(x) = 10*x**3 + 2*x**2 - 2*x. Let t be a(2). Calculate the highest common factor of c and t.
12
Let i = 100 + -52. Calculate the highest common divisor of i and 12.
12
Suppose 8*h - 6 = 26. Suppose 0 = -h*r + 43 - 3. Calculate the highest common divisor of r and 20.
10
Let m(v) = 3*v + 8. Let c be m(-2). Suppose -92 + c = -6*p. What is the greatest common factor of 10 and p?
5
Let k(a) = 4*a**2 - 27*a - 55. Let z be k(-13). Calculate the highest common factor of 108 and z.
108
Let k be ((-5)/(-5))/(4/12). Suppose 4*y + 31 = k*n - 0*y, 5*n - 33 = 2*y. Suppose -n*d + 129 = -31. Calculate the highest common factor of d and 80.
16
Suppose -5*v - 27 = -3*c, -3*v = -4*c - 6*v + 7. Let m(l) = -2*l**3 - 7*l**2 - 4*l. Let p be m(-4). Calculate the greatest common factor of c and p.
4
Suppose 1577 = -4*r + 10153. What is the highest common divisor of r and 32?
32
Let w(n) = 5*n + 92. Let g be w(-18). Suppose -a + 7 = -g*j - 2, -5*a - 2*j = -9. Calculate the highest common divisor of a and 18.
3
Suppose 385 = 36*z - 407. Calculate the highest common divisor of 187 and z.
11
Let k(z) = 23*z - 9. Let y be k(-4). Let i be y/(-7) + (-12)/(-21). Calculate the highest common divisor of i and 3.
3
Let f = 38 + -28. Suppose 2*x + f + 12 = 5*h, 0 = 2*x + 2. What is the highest common factor of 2 and h?
2
Let d = 20 - -9. Let h = d + 6. What is the highest common factor of h and 7?
7
Let b = 9 + 27. Calculate the greatest common divisor of 12 and b.
12
Let v be ((-288)/40)/((-9)/15). Suppose -1 = -3*z + 8. Suppose -h = -o + 12, -z*o - o + h = -36. What is the highest common factor of v and o?
4
Let o(w) = -129*w + 5. Let a be o(-1). Suppose 0 = -6*h + 674 - a. What is the highest common factor of 36 and h?
18
Suppose 5*d + 4*p = -35, 0 = 2*p - p + 5. Let l be (-8)/(-24) + (-32)/d. Calculate the greatest common divisor of 33 and l.
11
Suppose -3*n + 237 = v - 660, 2*n - 2698 = -3*v. Calculate the highest common factor of v and 6.
6
Suppose r = 4*b - 455, 2*r = 2*b - 0*r - 226. Let x be 19*((-104)/13 - -12). Calculate the greatest common divisor of b and x.
38
Let f = -3 - 10. Let s = f + 6. Let k(m) = 3*m**2 + 3*m - 6. Let o be k(s). What is the highest common factor of o and 12?
12
Let w(u) = u**3 - 32*u**2 - 64*u - 32. Let a be w(34). Calculate the greatest common divisor of 24 and a.
8
Let f = 6 + -5. Let x(j) = -4*j**3 + 16*j**3 + 0 + j - f. Let c be x(1). Calculate the greatest common divisor of c and 6.
6
Suppose -2*g = 8*g - 10. Let u = g + 1. Calculate the greatest common divisor of u and 22.
2
Let n be (-30)/(-4)*48/10. Suppose -22*f + 725 = 131. Calculate the highest common divisor of f and n.
9
Suppose 0 = -0*r - 9*r + 45. Suppose 0 + 4 = x. Suppose x*h + 4*n = -n + 265, -h = r*n - 85. What is the greatest common factor of h and 24?
12
Let k(l) = -l**2 + 14*l - 9. Suppose 2*w - 1 = -x + 2, -2*x - 3*w = -10. Let q be k(x). What is the highest common factor of 60 and q?
12
Suppose 0 = 2*c - 5 + 1. Suppose 2*q - 118 = 4*z - 2*z, c*q = -4*z + 88. Suppose 0 = -4*l + 9*l - 30. What is the greatest common divisor of l and q?
6
Let f(i) = 9*i**2 - 32*i + 3. Let s be f(6). Calculate the highest common factor of 15 and s.
15
Suppose 4*h = 9 + 7, 2*z - 5*h + 44 = 0. Let l be 2/(-6) + z/(-9). What is the highest common divisor of l and 8?
1
Suppose -3*j + 62 = -y, 13*y - 16*y - 110 = -5*j. What is the greatest common divisor of 437 and j?
19
Suppose -u = -5*u - w + 116, -3*u = -5*w - 87. Suppose -13*g + u = -75. What is the greatest common factor of g and 8?
8
Let i be (-20)/(-8)*(0 + 2). Let w(v) = -v**2 - 14*v + 3. Let b be w(-14). Suppose -29 = -b*j + 46. Calculate the highest common factor of i and j.
5
Let y be 4 + -3 + 11 + -1. Let q = -9 + y. Let g be (-12)/(-1) + 10 + -6. Calculate the greatest common divisor of g and q.
2
Let d = -826 - -838. Let m(q) = 2*q**2 - 6*q + 6. Let f be m(4). Let g be 1844/f + (-2)/(-7). What is the greatest common factor of d and g?
12
Suppose -3*g = -5*a - 881, -21*g = -16*g - a - 1483. What is the highest common divisor of 27 and g?
27
Let c(h) = -h**3 - h**2 + 2*h - 1. Let o be c(-2). Let m = 5 - o. Let q be m - 0/(-1 + -3). What is the highest common divisor of q and 30?
6
Suppose 5*i - 1196 - 1064 = 0. Let o = i - 218. Calculate the greatest common factor of 26 and o.
26
Suppose 13*y + 622 = 15*y + 3*t, 0 = 2*y - 4*t - 594. What is the greatest common factor of y and 427?
61
Let r(x) = x - 6. Let w be r(11). Suppose -d - 144 = -w*d. Suppose k - 8 - 16 = 0. What is the highest common factor of k and d?
12
Let l(g) = -2*g + 101. Let s be l(23). Calculate the highest common factor of s and 495.
55
Suppose 147 = 5*y - 93. Suppose 72 = 5*z - 4*d, -2*d + 52 = z + 2*z. What is the greatest common factor of y and z?
16
Let l = 5 - 10. Let m = 7 + l. Let p be 15*m*(-3)/(-9). What is the highest common divisor of 70 and p?
10
Let q(v) = 3*v**2 - 19*v + 53. Let c be q(16). What is the greatest common divisor of 11 and c?
11
Suppose 2*g = -4*b + 6*b + 234, 0 = -g - 4*b + 92. What is the highest common factor of 77 and g?
7
Suppose -y + 13 = 2*r - 77, 3*r = -3*y + 267. Let x be (-1)/(-2)*4*1. Suppose 0 = 3*j + x*j - 2*z - 32, z = 4. What is the highest common factor of y and j?
8
Let n be ((-16 - -9) + -180)/(-1). Suppo